t z(x) = -6*x. Let h = 42 + -27. Calculate the remainder when z(r) is divided by h.
12
Let u(z) = -z**3 - 14*z**2 + 17*z + 55. What is the remainder when 272 is divided by u(-15)?
22
Let o = 42 - 9. What is the remainder when 130 is divided by o?
31
Suppose -9 = 4*s + 7. What is the remainder when 25 + 1/(2/s) is divided by 8?
7
Let q be (-12)/54 + 202/18. Suppose 0 = 5*l - 5*c + 10, 0 = -3*l - 2*c + 3 + q. Calculate the remainder when (-189)/(-5) - l/(-10) is divided by 13.
12
Suppose -4*b - 11 - 95 = -2*g, g - 52 = 3*b. Let d = -26 + g. What is the remainder when d is divided by (-1 + 2)*(0 + 10)?
9
Suppose 5*k + 4*u = -634, -7*k - 629 = -2*k - u. What is the remainder when ((-1)/(-3))/((-2)/k) is divided by 6?
3
Let g(x) = 4*x**2 + 2*x - 1. Let b = 4 - 2. Calculate the remainder when 55 is divided by g(b).
17
Let c(q) = 2*q**2 + 8*q + 3. Let r be c(-6). Suppose r + 33 = 4*n. What is the remainder when 27 is divided by n?
12
Let m = 595 - 422. What is the remainder when m is divided by 35?
33
Suppose -x + 14 = 2*w, 7*x - 4*w - 92 = 3*x. What is the remainder when 79 is divided by x?
19
Suppose 3*a + q = 0, 4*a + 0*q - 13 = 3*q. Calculate the remainder when 4 is divided by a.
0
Suppose -u = 3*j, -5*j - 4*u = -0*j. Suppose 0 = g - j*g - 33. Calculate the remainder when g is divided by 9.
6
Suppose -3*d + 6 + 0 = 0. Let a = d + 1. Suppose -30 = c - a*c. What is the remainder when 43 is divided by c?
13
Suppose 4 = -6*i + 8*i. Calculate the remainder when 11 is divided by i.
1
Let p = 17 - 21. Suppose f - 7 - 22 = 0. Calculate the remainder when f is divided by (0 + -20)*2/p.
9
Let p(a) = a**2 + 3*a - 4. Suppose -14*g + 105 = 7*g. Calculate the remainder when p(-5) is divided by g.
1
Let l = 18 - 15. Let c be -3*(0 - (-2)/3). What is the remainder when l is divided by (8/(-10))/(c/5)?
1
Let z = 24 + -6. Calculate the remainder when 67 is divided by z.
13
Suppose 3*z = 17 + 1. Calculate the remainder when 27 is divided by z.
3
Let d be -5 - -1 - (2 + -7). Calculate the remainder when 57 - -9*d/(-3) is divided by 19.
16
Calculate the remainder when (1*-11)/(((-6)/3)/8) is divided by 5.
4
Let d be (1 + (-3)/(-3))/2. Let r = -5 + d. Let g = 5 + r. Calculate the remainder when 2 is divided by g.
0
Let p(q) be the first derivative of 4*q**3/3 + 4*q + 10. What is the remainder when p(-3) is divided by 14?
12
Let c = -145 + 257. Calculate the remainder when c is divided by 19.
17
Let r(q) = -q + 2. Let p be (1 + 5)*1/(-2). Let x be r(p). Suppose 4*h - 19 - 6 = 3*f, -x*f = -25. What is the remainder when 18 is divided by h?
8
Let a(n) = 5*n - 7. What is the remainder when a(5) is divided by 2?
0
Let x be 0*(3 + -4) + -4. Let s be (x/6)/(8/12). Calculate the remainder when 13 is divided by s/(1*2/(-14)).
6
Let b(a) = 2*a**2 + 2*a - 4. Calculate the remainder when b(-4) is divided by 8.
4
What is the remainder when 109 is divided by 259/(-7)*(-3 + 2)?
35
Suppose -288 + 88 = -4*z. Let v = z - 13. Calculate the remainder when v is divided by 20.
17
Suppose -2*d + 17 = -89. Let n(u) = 14*u - 1. Calculate the remainder when d is divided by n(2).
26
What is the remainder when (-13)/(-4) - (-13)/(-52) is divided by 1?
0
Suppose 4*f = -2 + 14. What is the remainder when 16 is divided by f?
1
Calculate the remainder when -138*((-3)/(-6) + -1) is divided by 8.
5
Let u(m) = -m + 12. Let y be u(7). Suppose -y = r - 12. Calculate the remainder when 20 is divided by r.
6
Let c(h) = 7*h**3 + h**2 - h + 1. Let f be c(1). Calculate the remainder when 7 - (-7)/((-14)/f) is divided by 2.
1
Let t(z) = -4*z**2 + 1. Let b be t(2). Let i(x) = -2*x - 5. What is the remainder when ((-10)/b)/(2/36) is divided by i(-6)?
5
Let i be (-196)/(-10) - 6/(-15). Suppose -5*b + i = -25. What is the remainder when b is divided by 4?
1
What is the remainder when 115 is divided by 2/13 + 3750/130?
28
Let w be -1*(-3)/(-6)*-4. Suppose -2*a = -v + w*a + 32, 5*v + a - 265 = 0. Let q = v + -12. Calculate the remainder when q is divided by 14.
12
Let m(c) = 3*c + 2. Suppose 2*u = 26 + 52. Calculate the remainder when u is divided by m(4).
11
What is the remainder when 104 is divided by (21/9 - 3)*-42?
20
Calculate the remainder when (-138)/(-4)*(-2 - -4) is divided by 18.
15
Let y(k) = -k - 11. Let p be y(-11). Suppose -5*a + 3*a + 36 = p. Let n = -29 + 64. Calculate the remainder when n is divided by a.
17
Let o = 66 + -22. Calculate the remainder when 85 is divided by o.
41
Suppose 0 = -4*u + 2*o, -o = -4*u + 2*o. Let h = u - -1. What is the remainder when 2 is divided by h?
0
Let j be 26 - 3 - 0/(-2). Suppose j + 58 = 3*f. Let z = -19 + f. Calculate the remainder when 14 is divided by z.
6
What is the remainder when 57 is divided by ((-35)/14)/((-2)/16)?
17
Let t = -9 + 16. Suppose 25 = -5*k, -2*q + 2*k = 7*k - 39. Suppose 4*p + 4*f - q = 0, 4*f = -4*p + t*p - 38. Calculate the remainder when 18 is divided by p.
8
Let i(k) = -k**3 - k**2 + k + 7. Suppose 0 = 4*j - 0 - 16. What is the remainder when (j/6)/(8/156) is divided by i(0)?
6
Let c(b) = 2*b**2 - 4*b + 13. Calculate the remainder when c(7) is divided by 14.
13
Suppose 0 = 5*s + 4*b - 40, -s - 4*b = -2*s - 16. Let u(p) = -2*p + 5*p + 5*p - 4. Calculate the remainder when u(s) is divided by 15.
13
Let l(i) = 33*i**2 + 3*i + 2. What is the remainder when l(-1) is divided by 18?
14
Let m(g) = 7*g**3 + g**2 + g - 1. Let l be m(1). Let v(h) = -4 + 2*h**3 - h**3 + 1 - 9*h**2 + 10*h. What is the remainder when v(l) is divided by 7?
6
Suppose 4*z = -18 - 2. Let x = -3 - z. Suppose -12 = -x*f + 2*l, -4*l + 16 = -0*l. Calculate the remainder when 28 is divided by f.
8
Suppose 152 + 101 = 11*t. Suppose 2*w = -5*a + 41, -w + 3*a - 48 = -4*w. What is the remainder when t is divided by w?
10
Calculate the remainder when 238 is divided by (-9)/3 + -1 + 24.
18
Suppose 0*k + 2 = 2*w - k, 5*w - 6 = 2*k. Suppose -w*t = -2 - 4. Let i = -13 - -24. Calculate the remainder when i is divided by t.
2
Let k(w) = w**2 - w + 17. Let u(d) = -d**3 - 5*d**2 - 2*d + 1. Let c be u(-5). Let l = 43 - c. Calculate the remainder when l is divided by k(0).
15
Let u(j) = 5*j**2 + 2*j - 1. Let g be u(1). Calculate the remainder when (0 - -1)/((-126)/(-25) + -5) is divided by 76/g - (-1)/3.
12
Let o(c) = c**3 - 4*c**2 + 3*c + 4. Suppose -4*s - 5*n + 71 = 0, 0 = -5*s + 4*n + n + 55. What is the remainder when s is divided by o(3)?
2
Let k(q) = 3*q - 6 - 1 - 5. Calculate the remainder when (-178)/(-4) + 5/(-10) is divided by k(9).
14
Let x = 34 + -15. Suppose 0 = 10*c - 449 + 79. Calculate the remainder when c is divided by x.
18
Let i(o) = o**2 + 3*o + 5. Calculate the remainder when 9 is divided by i(-3).
4
Suppose -s = 6 - 21. What is the remainder when 74 is divided by s?
14
Let n = 24 + -21. Suppose 5*m + 2 = w - 1, w - n = -4*m. Calculate the remainder when w is divided by 1.
0
Let l be 3/12*-1*-8. Suppose -41 = -l*d + 31. Suppose -5*w = -72 - 23. Calculate the remainder when d is divided by w.
17
Suppose 8*k + 9 = 57. Calculate the remainder when 39 is divided by k.
3
Suppose -63 = -2*s + d, -3*s + 0*s + 4*d + 107 = 0. What is the remainder when 57 is divided by s?
28
Let v = 94 + -86. Suppose 0 = 3*t + t + 248. Let q = -33 - t. What is the remainder when q is divided by v?
5
Let b(d) = d**3 + 12*d**2 + 2*d + 14. Let l be b(-12). Suppose -2*o + 21 + 17 = 0. Calculate the remainder when o is divided by (0 + -1)/1*l.
9
Let y = -8 - -19. Suppose 0*m - y = -m. Suppose -3*u - 5*c + 30 + 61 = 0, 3*u - 2*c = 98. What is the remainder when u is divided by m?
10
Suppose 0 = 4*f - 36. Calculate the remainder when ((-100)/2)/(-2) - 0 is divided by f.
7
Suppose -x = 2*l - 160, 5*l + 3*x - 4*x - 414 = 0. Calculate the remainder when l is divided by 17.
14
Let s(l) = -l**3 - 10*l**2 + 3*l - 7. Calculate the remainder when s(-11) is divided by 28.
25
Suppose -3*g = 3*b - 33, 3*g = 2*g + 2*b + 11. What is the remainder when 73 is divided by g?
7
Let s = 106 + -40. What is the remainder when s is divided by 17?
15
Suppose -4*a + 3*w = w - 210, -4*a + w = -215. Calculate the remainder when a is divided by 19.
17
Suppose 3*p - 266 = -3*w - 50, -4*w + 2*p + 288 = 0. Suppose -f = f - w. What is the remainder when f is divided by 561/44 + 2/8?
10
Suppose -3*a = -2*a - 3*b - 30, -a + 18 = 3*b